42868?
6
What is the tens digit of 162273627?
2
What is the units digit of 6613202348?
8
What is the ten millions digit of 218468913?
1
What is the units digit of 88794425?
5
What is the tens digit of 3229832746?
4
What is the tens digit of 3920619272?
7
What is the thousands digit of 116893333?
3
What is the ten millions digit of 94473408?
9
What is the hundred thousands digit of 19059432?
0
What is the hundred millions digit of 821179992?
8
What is the hundred thousands digit of 4682179?
6
What is the hundreds digit of 141192489?
4
What is the millions digit of 3299273129?
9
What is the hundred millions digit of 284022027?
2
What is the hundred millions digit of 125710143?
1
What is the hundred millions digit of 1138841629?
1
What is the hundred millions digit of 387329366?
3
What is the hundred thousands digit of 882740401?
7
What is the millions digit of 15049635?
5
What is the hundred thousands digit of 118219364?
2
What is the hundred thousands digit of 1581894516?
8
What is the tens digit of 5924113?
1
What is the ten millions digit of 462509951?
6
What is the hundred thousands digit of 683026352?
0
What is the ten millions digit of 1199775136?
9
What is the thousands digit of 1288624665?
4
What is the thousands digit of 73268956?
8
What is the units digit of 1343820809?
9
What is the millions digit of 85478199?
5
What is the units digit of 1478376080?
0
What is the ten thousands digit of 164963469?
6
What is the hundreds digit of 30965048?
0
What is the millions digit of 105236258?
5
What is the hundred thousands digit of 2401616496?
6
What is the tens digit of 163590194?
9
What is the millions digit of 884504670?
4
What is the hundred thousands digit of 9411104?
4
What is the hundred thousands digit of 37967541?
9
What is the thousands digit of 133920483?
0
What is the hundreds digit of 3338180573?
5
What is the tens digit of 365231547?
4
What is the tens digit of 117884658?
5
What is the units digit of 44954609?
9
What is the tens digit of 73073459?
5
What is the ten millions digit of 2004271676?
0
What is the tens digit of 47963035?
3
What is the ten thousands digit of 305848640?
4
What is the thousands digit of 777157967?
7
What is the ten millions digit of 32283586?
3
What is the tens digit of 4205471872?
7
What is the ten millions digit of 7121906797?
2
What is the hundreds digit of 1858477172?
1
What is the ten thousands digit of 34701756?
0
What is the hundreds digit of 136480810?
8
What is the tens digit of 2802017985?
8
What is the millions digit of 2163708318?
3
What is the ten millions digit of 1869326387?
6
What is the hundred millions digit of 1520401960?
5
What is the thousands digit of 11701461?
1
What is the hundreds digit of 6984812?
8
What is the ten millions digit of 1649087373?
4
What is the ten thousands digit of 2165810635?
1
What is the units digit of 2132454067?
7
What is the ten millions digit of 510147882?
1
What is the hundred millions digit of 307153464?
3
What is the units digit of 27037374?
4
What is the tens digit of 64947231?
3
What is the tens digit of 176518191?
9
What is the hundreds digit of 1067707134?
1
What is the thousands digit of 2851627029?
7
What is the hundreds digit of 139203645?
6
What is the hundreds digit of 146007359?
3
What is the units digit of 41114031?
1
What is the hundreds digit of 1846294344?
3
What is the billions digit of 1522564872?
1
What is the ten thousands digit of 448151029?
5
What is the ten thousands digit of 3226397595?
9
What is the ten thousands digit of 369570238?
7
What is the tens digit of 216584308?
0
What is the thousands digit of 8175262?
5
What is the ten millions digit of 4946976447?
4
What is the ten millions digit of 2078498098?
7
What is the hundred millions digit of 117796863?
1
What is the ten thousands digit of 204111397?
1
What is the hundreds digit of 20845969?
9
What is the hundreds digit of 679419830?
8
What is the billions digit of 2038616206?
2
What is the ten millions digit of 528874997?
2
What is the ten thousands digit of 516017010?
1
What is the ten thousands digit of 5084642639?
4
What is the millions digit of 12164911?
2
What is the ten millions digit of 49285185?
4
What is the ten thousands digit of 2518532?
1
What is the units digit of 296158129?
9
What is the millions digit of 57636385?
7
What is the thousands digit of 63052997?
2
What is the hundred thousands digit of 457754597?
7
What is the millions digit of 107589731?
7
What is the ten millions digit of 270474220?
7
What is the thousands digit of 11840121?
0
What is the hundred thousands digit of 794682077?
6
What is the ten millions digit of 71389622?
7
What is the tens digit of 375281122?
2
What is the millions digit of 66253582?
6
What is the hundreds digit of 5826631184?
1
What is the thousands digit of 326614965?
4
What is the tens digit of 1222454702?
0
What is the millions digit of 61960111?
1
What is the millions digit of 168429679?
8
What is the tens digit of 581949637?
3
What is the millions digit of 97977753?
7
What is the ten thousands digit of 214541670?
4
What is the hundred thousands digit of 459305364?
3
What is the hundred thousands digit of 482775046?
7
What is the thousands digit of 1230683056?
3
What is the ten millions digit of 1089263976?
8
What is the millions digit of 1282184108?
2
What is the tens digit of 75729982?
8
What is the ten thousands digit of 205131609?
3
What is the billions digit of 2827527762?
2
What is the billions digit of 1233413913?
1
What is the ten millions digit of 1042908325?
4
What is the millions digit of 5963693370?
3
What is the hundred thousands digit of 39461113?
4
What is the millions digit of 1923525259?
3
What is the tens digit of 1194258444?
4
What is the hundred thousands digit of 402970517?
9
What is the hundreds digit of 4750089693?
6
What is the hundreds digit of 34202984?
9
What is the hundred millions digit of 2045656550?
0
What is the tens digit of 28766763?
6
What is the ten thousands digit of 695756244?
5
What is the hundred millions digit of 178248542?
1
What is the ten millions digit of 4543990134?
4
What is the ten thousands digit of 159796562?
9
What is the hundred thousands digit of 59817567?
8
What is the hundreds digit of 406471662?
6
What is the hundreds digit of 15065157?
1
What is the tens digit of 3513400713?
1
What is the hundred millions digit of 663977914?
6
What is the tens digit of 5894748?
4
What is the thousands digit of 496157289?
7
What is the thousands digit of 307358177?
8
What is the hundred thousands digit of 1188510364?
5
What is the units digit of 935912937?
7
What is the hundred millions digit of 588744472?
5
What is the millions digit of 29194523?
9
What is the ten millions digit of 81589722?
8
What is the ten millions digit of 190799686?
9
What is the thousands digit of 6079529320?
9
What is the tens digit of 9703920059?
5
What is the ten millions digit of 126025736?
2
What is the ten thousands digit of 2314876?
1
What is the thousands digit of 163470986?
0
What is the ten millions digit of 309820168?
0
What is the units digit of 378242692?
2
What is the hundred millions digit of 1473702914?
4
What is the thousands digit of 1302722785?
2
What is the hundred thousands digit of 1302755776?
7
What is the tens digit of 261585605?
0
What is the units digit of 3292144?
4
What is the units digit of 48074800?
0
What is the millions digit of 50770444?
0
What is the hundred thousands digit of 1889516902?
5
What is the millions digit of 7535059?
7
What is the tens digit of 26499268?
6
What is the hundreds digit of 280437393?
3
What is the millions digit of 160083614?
0
What is the ten millions digit of 109413642?
0
What is the hundreds digit of 49676609?
6
What is the thousands digit of 929286120?
6
What is the hundreds digit of 80858012?
0
What is the millions digit of 258585239?
8
What is the millions digit of 287239958?
7
What is the hundreds digit of 157748939?
9
What is the tens digit of 106897295?
9
What is the thousands digit of 63132821?
2
What is the millions digit of 69236505?
9
What is the hundreds digit of 49312356?
3
What is the ten millions digit of 675132462?
7
What is the millions digit of 369133103?
9
What is the ten millions digit of 108139169?
0
What is the ten millions digit of